{"id":209,"date":"2024-03-18T18:16:04","date_gmt":"2024-03-18T22:16:04","guid":{"rendered":"https:\/\/delimp.cl\/?post_type=product&#038;p=209"},"modified":"2026-02-28T20:19:22","modified_gmt":"2026-02-28T23:19:22","slug":"cloro-gel-5-litros","status":"publish","type":"product","link":"https:\/\/delimp.cl\/index.php\/producto\/cloro-gel-5-litros\/","title":{"rendered":"Cloro Gel 5 litros"},"content":{"rendered":"<p>Por compras sobre $50.000<\/p>\n<p>Despacho Gratuito Regi\u00f3n Metropolitana.<\/p>\n<p>Env\u00edo a provincias. El cliente corre con el gasto del flete elegido.<\/p>\n<p style=\"text-align: justify;\"><strong>DESCRIPCI\u00d3N:<\/strong><\/p>\n<p>Producto liquido viscoso, que re\u00fane propiedades desinfectantes, de blanqueamiento y desengrasador.<\/p>\n<p style=\"text-align: justify;\"><strong>INSTRUCCIONES DE USO:<\/strong><\/p>\n<p>Puede usarse puro o diluido de 1 a 50 partes.<\/p>\n<p>Se utiliza para limpiar, desinfectar y\/o sanitizar en labores domesticas (cocina, ba\u00f1os y superficies), industria alimenticia, mineras, lavander\u00edas, hospitales, colegios y lugares p\u00fablicos.<\/p>\n","protected":false},"excerpt":{"rendered":"<p>Por compras sobre $50.000 Despacho Gratuito Regi\u00f3n Metropolitana. Env\u00edo a provincias. El cliente corre con el gasto del flete elegido&#8230;.<\/p>\n","protected":false},"featured_media":1032,"template":"","meta":{"_eb_attr":"","_joinchat":[]},"product_brand":[],"product_cat":[30],"product_tag":[],"class_list":{"0":"post-209","1":"product","2":"type-product","3":"status-publish","4":"has-post-thumbnail","6":"product_cat-desinfectantes","8":"first","9":"instock","10":"taxable","11":"shipping-taxable","12":"purchasable","13":"product-type-simple"},"tiered_pricing_type":"fixed","tiered_pricing_fixed_rules":[],"tiered_pricing_percentage_rules":[],"tiered_pricing_minimum":1,"tiered_pricing_roles_data":[],"_links":{"self":[{"href":"https:\/\/delimp.cl\/index.php\/wp-json\/wp\/v2\/product\/209","targetHints":{"allow":["GET"]}}],"collection":[{"href":"https:\/\/delimp.cl\/index.php\/wp-json\/wp\/v2\/product"}],"about":[{"href":"https:\/\/delimp.cl\/index.php\/wp-json\/wp\/v2\/types\/product"}],"wp:featuredmedia":[{"embeddable":true,"href":"https:\/\/delimp.cl\/index.php\/wp-json\/wp\/v2\/media\/1032"}],"wp:attachment":[{"href":"https:\/\/delimp.cl\/index.php\/wp-json\/wp\/v2\/media?parent=209"}],"wp:term":[{"taxonomy":"product_brand","embeddable":true,"href":"https:\/\/delimp.cl\/index.php\/wp-json\/wp\/v2\/product_brand?post=209"},{"taxonomy":"product_cat","embeddable":true,"href":"https:\/\/delimp.cl\/index.php\/wp-json\/wp\/v2\/product_cat?post=209"},{"taxonomy":"product_tag","embeddable":true,"href":"https:\/\/delimp.cl\/index.php\/wp-json\/wp\/v2\/product_tag?post=209"}],"curies":[{"name":"wp","href":"https:\/\/api.w.org\/{rel}","templated":true}]}}