{"id":1905,"date":"2025-08-23T16:30:00","date_gmt":"2025-08-23T20:30:00","guid":{"rendered":"https:\/\/delimp.cl\/?post_type=product&#038;p=1905"},"modified":"2025-08-23T16:41:35","modified_gmt":"2025-08-23T20:41:35","slug":"escobilla-chica-2-unidades","status":"publish","type":"product","link":"https:\/\/delimp.cl\/index.php\/producto\/escobilla-chica-2-unidades\/","title":{"rendered":"ESCOBILLA CHICA 2 UNIDADES"},"content":{"rendered":"<p>Pack de 2 escobillas chicas, perfectas para la limpieza de rincones, utensilios y superficies peque\u00f1as. Su dise\u00f1o compacto permite un agarre c\u00f3modo y preciso, llegando a lugares dif\u00edciles. Fabricadas en material resistente con cerdas firmes, ofrecen durabilidad y eficacia en cada uso. \u2714\ufe0f Pr\u00e1cticas, f\u00e1ciles de guardar y siempre listas para mantener todo impecable.<\/p>\n","protected":false},"excerpt":{"rendered":"<p>Pack de 2 escobillas chicas, perfectas para la limpieza de rincones, utensilios y superficies peque\u00f1as. Su dise\u00f1o compacto permite un&#8230;<\/p>\n","protected":false},"featured_media":1899,"template":"","meta":{"_eb_attr":"","_joinchat":[]},"product_brand":[],"product_cat":[58,33],"product_tag":[],"class_list":{"0":"post-1905","1":"product","2":"type-product","3":"status-publish","4":"has-post-thumbnail","6":"product_cat-nuevos_productos","7":"product_cat-utensilios","9":"first","10":"instock","11":"taxable","12":"shipping-taxable","13":"purchasable","14":"product-type-simple"},"tiered_pricing_type":"fixed","tiered_pricing_fixed_rules":[],"tiered_pricing_percentage_rules":[],"tiered_pricing_minimum":1,"tiered_pricing_roles_data":[],"_links":{"self":[{"href":"https:\/\/delimp.cl\/index.php\/wp-json\/wp\/v2\/product\/1905","targetHints":{"allow":["GET"]}}],"collection":[{"href":"https:\/\/delimp.cl\/index.php\/wp-json\/wp\/v2\/product"}],"about":[{"href":"https:\/\/delimp.cl\/index.php\/wp-json\/wp\/v2\/types\/product"}],"wp:featuredmedia":[{"embeddable":true,"href":"https:\/\/delimp.cl\/index.php\/wp-json\/wp\/v2\/media\/1899"}],"wp:attachment":[{"href":"https:\/\/delimp.cl\/index.php\/wp-json\/wp\/v2\/media?parent=1905"}],"wp:term":[{"taxonomy":"product_brand","embeddable":true,"href":"https:\/\/delimp.cl\/index.php\/wp-json\/wp\/v2\/product_brand?post=1905"},{"taxonomy":"product_cat","embeddable":true,"href":"https:\/\/delimp.cl\/index.php\/wp-json\/wp\/v2\/product_cat?post=1905"},{"taxonomy":"product_tag","embeddable":true,"href":"https:\/\/delimp.cl\/index.php\/wp-json\/wp\/v2\/product_tag?post=1905"}],"curies":[{"name":"wp","href":"https:\/\/api.w.org\/{rel}","templated":true}]}}